it of v?
1
Let i = -25 + 79. What is the tens digit of i?
5
Let a be 6/(-8) + 66/24. Suppose -5*w - 3*g + 240 = a*g, -w = 4*g - 63. What is the tens digit of w?
4
Suppose -116 = -4*t - 8. What is the units digit of (-21)/2*(-72)/t?
8
Let l be 1 + 0 - 84/12. Let k(i) = i + 11. What is the units digit of k(l)?
5
Let b be 3/6 - (-3)/2. Let s = b + -5. Let g = -1 - s. What is the units digit of g?
2
Suppose -3*w - b = -91, 0 = -5*w + 2*b - 60 + 219. What is the tens digit of w?
3
What is the units digit of ((-1671)/(-5))/3 - (-3)/5?
2
Let h(f) be the third derivative of 2*f**2 - 1/6*f**3 + 1/24*f**4 + 0 + 13/60*f**5 + 0*f. What is the units digit of h(1)?
3
Let p(b) = b**3 + 13*b**2 - 22*b + 29. What is the units digit of p(-14)?
1
Let s(l) = l**2 - l + 2. Suppose 2*n = 5*n - 6. Let h be s(n). Suppose -h*r = 8 - 20. What is the units digit of r?
3
Let j be (-3)/18 + (-82)/12. Let b be 12*(0 + 1) - 1. Let g = j + b. What is the units digit of g?
4
Suppose z + 5*m + 30 = 0, -7*z - 45 = -2*z + 4*m. Let u = 2 - z. What is the units digit of u?
7
Suppose 3*a = -3*u + 9, 0*u - 3*a = -4*u + 47. Let t be (7/(-14))/((-2)/u). Suppose 6 = -c - c, -t*k + 5*c = -33. What is the units digit of k?
9
Let d = -14 - -16. What is the units digit of (-3 + 7/d)*26?
3
Let i be (42/9)/(1/(-3)). Let l be (-178)/i + (-4)/(-14). Suppose -s = 2*s + 2*o - 17, -2*s - 3*o = -l. What is the units digit of s?
5
Let v be 224/10 + 22/(-55). Suppose f - 22 = -3*f + o, 3*f - v = -2*o. What is the units digit of f?
6
What is the units digit of (126/15)/(12/40)?
8
Suppose 2*k - 4*k = 2*r + 30, r = 3*k + 61. Let o = -5 - k. What is the units digit of o?
4
Let z = 15 + -29. What is the units digit of 152/7 + (-4)/z?
2
Let t(l) = -6*l - 1. Let a be t(-1). Suppose 4 = 4*f - 4*h, -3*f - a*h + 1 = -2. What is the units digit of f?
1
Suppose 0*s = 2*r + 2*s - 6, 4*r + 2*s = 20. Let c be (-30)/(-4)*(-16)/(-24). Let x = r - c. What is the units digit of x?
2
Let i = 91 - 172. What is the units digit of (i/15)/(1/(-5))?
7
Let s = 1 + 18. What is the units digit of s?
9
Suppose 5*f - 3*t + 20 = 2*t, 5*f = 3*t - 20. Let s be 126/(-6)*f/3. What is the units digit of s/16 + 1/4?
2
Let c = 2 - -2. What is the units digit of 696/84 - c/14?
8
Let x be 9*(30/9 + -3). Suppose x*i = 3*u - i - 55, -2*i + 46 = 2*u. What is the tens digit of u?
2
Let x(g) = -g**2 - g + 3. Let a be x(0). Let u be 3/12 + (-15)/(-4). Suppose 2*n + 4*h - 24 = -0*h, -a*n + 26 = u*h. What is the units digit of n?
2
Let x(w) = w - 7. Let u be x(5). What is the tens digit of (u/(-5))/(3/285)?
3
Let a = -5 - -1. Let i(s) = -s**3 - 5*s**2 - 4*s + 3. Let g be i(a). Suppose 2*z - 18 = -g*y, -2*z - 2*y + 18 = -0*z. What is the units digit of z?
9
Suppose 0 = -2*y + 5*y + 15. Let t = 10 + y. Suppose -5*k - t*r + 60 = 0, 5*k - r - 48 = -12. What is the units digit of k?
8
Suppose -2*k + 4 = 2*p, -2*p + p - 10 = -2*k. Suppose 2*s + 40 = g + 2*g, -k*g + 50 = -s. What is the units digit of g?
2
Suppose -2*p + 0*s - s + 99 = 0, 5*p = -5*s + 255. Let t(v) = v**2 + 2. Let z be t(5). Let y = p - z. What is the tens digit of y?
2
Suppose 0*f - 9 = -3*f. Suppose 23 = 5*w - r, -4*r - 2 = -f*w + w. Let m = w - 4. What is the units digit of m?
1
Let b = 1 + 5. Let g(k) = 2 + 1 - k**3 - 5*k + 0 + b*k**2. What is the units digit of g(5)?
3
Let z(x) = -x**2 + 6*x + 1. What is the units digit of z(3)?
0
Let p be 7/2 + 2/4. Suppose 4*w - 4*a - 12 = 0, -5*w + p*a = -3*w + 2. What is the units digit of w?
7
Let b(h) = 2*h**3 - h**2 + 2*h. What is the units digit of b(2)?
6
Suppose -13*c + 887 = -3234. What is the tens digit of c?
1
Let r be 20/70 + (-66)/(-14). Suppose 4*q - d - 16 = 2*d, -r*d - 1 = -3*q. What is the units digit of q?
7
Suppose 0 = -3*j + 17 - 5. Suppose -378 = -11*g + j*g. What is the units digit of g?
4
Suppose 4*x + 0*b = b - 3, 4*x = -3*b + 9. Suppose 2*u - 10 = -4*z, 4*z - 1 = u - x. What is the units digit of z?
1
Suppose 2*m - 2*f + f = 515, -f = 2*m - 509. What is the hundreds digit of m?
2
What is the tens digit of 289/5 - (-52)/(-65)?
5
Suppose 5*u + 198 = -3*y, 2*u = -0*y - 3*y - 189. Let b = y - -96. Suppose n + 5*k - 25 = 0, 3*n + 2*k = -3*k + b. What is the units digit of n?
5
Let v be 1 - (-7)/((-7)/(-18)). Let n = -15 + v. What is the units digit of n?
4
Suppose -2*u - 10 = 4*n, 3*u = 2*n + 4 + 21. Let j(t) = t**3 - 5*t**2 + 2. Let k be j(u). Suppose z - k*z = -7. What is the units digit of z?
7
Let w(j) = -4*j - 3. Let k be w(-2). Suppose 12 = -k*d + 97. What is the units digit of d?
7
Suppose -3*v + p + 1 = -0*p, 3*v - 3*p - 9 = 0. What is the units digit of v/3 - (-4)/3?
1
Let q = 8 - 7. Let g(d) = 7*d - 1. Let s be g(q). What is the units digit of 10*(21/s - 3)?
5
Let g = -24 + 38. Suppose -4*o + 18 = -g. What is the units digit of o?
8
Suppose 2*m = 5*m - 6. Let j(o) = 8*o. What is the tens digit of j(m)?
1
Let g = -73 + 41. Let i = 1 - g. What is the tens digit of i?
3
Let w(k) = k**2 + 2*k + 13. Suppose l + l + 34 = -5*f, 0 = f + 4. What is the units digit of w(l)?
8
Suppose 0 = 2*y - 4*y + 4. Suppose y*t + 68 = 6*t. What is the units digit of t?
7
Let f be (0/(-3 - -6))/2. Suppose -4*j - t + 13 = f, j + t = 6*j - 14. What is the units digit of j?
3
Let f be 1 - 1 - (-4)/2. Let o be (2 + -1)*2/f. What is the units digit of (o/2)/(2/4)?
1
Let f = 20 + -14. Suppose -o + f = 4. What is the units digit of o?
2
Let d(n) = 2*n**3 - 4*n**2 + 3*n + 1. Let k be d(3). Suppose 5*i - 8 = 3*c - 29, k = 4*c - 3*i. What is the units digit of c?
7
Let c = 6 - 4. Suppose -8 - 16 = 2*h. What is the units digit of 5/c*h/(-10)?
3
Let c(f) = 4*f + 2. Let h(m) = -3*m - 2. Let y(d) = 2*c(d) + 3*h(d). What is the units digit of y(-6)?
4
Let d(s) = 2*s**3 + 2*s**2 - 3*s**2 - s**3 + 3. Let z be d(0). Suppose z*y = y + 20. What is the tens digit of y?
1
Let s(p) be the third derivative of 1/12*p**4 + p**2 + 0 - 1/60*p**5 + 0*p**3 + 0*p + 1/120*p**6. What is the units digit of s(2)?
8
Let o = 490 - 187. What is the units digit of o?
3
Let h be (-7)/(-42) - 362/12. What is the tens digit of 116/(-10)*h/12?
2
Let h(b) be the second derivative of b**4/12 + b**3/3 + 2*b**2 - 2*b. Suppose 5*u - 2 = -4*z - 14, 2*z = -u - 6. What is the units digit of h(z)?
7
Let z(o) = -31*o - 69. What is the units digit of z(-6)?
7
Let a = -26 - -33. What is the units digit of a?
7
Let h be (-154)/(-42) - (-2)/(-3). Suppose h*f - 40 = -f. What is the tens digit of f?
1
Let p(l) = l + 6. Let a = 6 + -10. What is the units digit of p(a)?
2
Let x = 123 - 84. What is the tens digit of x?
3
Let z(y) be the third derivative of 31*y**5/60 + y**4/24 - 5*y**2. What is the tens digit of z(-1)?
3
Suppose 2*u + 2*u + 4*d + 20 = 0, -u + 3*d = 1. What is the units digit of (9/u)/(2/(-16))?
8
Let o(n) = 46*n + 18. What is the tens digit of o(4)?
0
Let g = -18 - -28. Suppose -4 - g = -f. What is the tens digit of f?
1
Let c(a) = a**2 - 5 - 3*a**2 + 3*a + 1 + 3*a**2. Let x be c(-7). Let p = -13 + x. What is the units digit of p?
1
Let y = -250 + 352. What is the tens digit of y?
0
Suppose a + 4*p = 4*a + 4, -5*p + 5 = -4*a. Suppose c - 3*c + 18 = a. What is the units digit of c?
9
Let k = 6 + -4. Suppose -3*i + 4*p - k + 3 = 0, 5*i + p = 40. What is the units digit of i?
7
Let g(i) = -2*i**2 + 10 + i + 3*i**2 + 5. Let u be ((-10)/(-15) - (-2)/(-3))*-1. What is the units digit of g(u)?
5
Suppose 2*z - 1 = 3*k + 6, 3*z + 17 = -k. Let q = 13 - z. What is the units digit of q?
7
Let v(p) = -27*p**3 + p**2 - p - 1. What is the units digit of v(-1)?
8
Let t = 23 - 13. What is the units digit of t?
0
Suppose -5*q = s - 79, 3*s - 3 = 9. Suppose 1 + q = u. What is the tens digit of u?
1
Let d = -6 - -4. What is the units digit of 12*(d + 4)/2?
2
Let o(r) = -r**3 - r**2 + r + 1. Let f be 1 - (-1 - 1 - -3). What is the units digit of o(f)?
1
Suppose w = -3*d + 105, 2*w = -2*w - 2*d + 380. What is the units digit of w?
3
Suppose 0 = 5*q - 10. Suppose h = -5*c + 5, 3 = -5*c - 3*h - q. Suppose -18 + c = -m. What is the units digit of m?
6
Let c(a) = -a**2 - 24*a - 2. What is the hundreds digit of c(-10)?
1
Let y(l) = -l**2 + 4*l + 8. Let h be y(5). Suppose 2*i + 5*c - 39 = 0, 3*i + h*c - 101 = -29. What is the units digit of i?
7
Let l = 82 + -55. What is the tens digit of l?
2
Suppose 244 + 